 9*r + r = b. What is y(r)?
4
Let i(b) be the second derivative of -b**5/20 - b**4/2 - b**3/3 - 7*b**2/2 - 16*b. Determine i(-6).
5
Let n(f) = f**2 - 6*f - 5. Suppose -8*s + 15 = -3*s. Suppose -s*a + 36 = 15. Determine n(a).
2
Let y(v) = -1. Let a = 10 + -2. Suppose 4*w - a = 0, -m = w + 2*w - 5. Let k(g) = g - 5. Let o(f) = m*k(f) + y(f). Give o(-4).
8
Let s(o) = -o + 3. Let p be s(6). Let t(j) = -22*j + 1 + 4 - 3 + 21*j. Let y be t(p). Let f(d) = d - 6. What is f(y)?
-1
Suppose -4*l = -14 + 2. Let q(u) = -u**3 + 3*u**2 - 2*u + 1. Determine q(l).
-5
Let q(g) = -g**2 - 12*g - 6. Let x be q(-11). Let y(l) = 5*l**2 - 6*l - 7 + 1 - l**3 + l**2 + 0. Calculate y(x).
-11
Let t(f) be the third derivative of -5*f**4/24 - f**3/3 + 5*f**2. Let u be 12/(-54) - -2*75/(-54). Calculate t(u).
13
Let w be 4 + -1 - 0/(-2). Suppose 0 = -3*n - w, y + 3*n + 4 = -4. Let b(m) = m**3 + m + 16*m**2 - 26*m**2 + 15*m**2 - 6. Give b(y).
-11
Let b(u) = 2*u + 6*u**2 - 3*u + 1 + 3*u. Let i be (-187)/153 - 2/(-9). Calculate b(i).
5
Suppose -19*m + 96 = -13*m. Let c(b) = b**2 - 17*b + 22. Give c(m).
6
Let c(l) = -5*l + 1 + 0*l + l**3 - 2*l**3 + 3*l + l**2. Let y be c(1). Let b(v) = 4*v + 14. Let m(a) = -a - 5. Let t(f) = 4*b(f) + 11*m(f). What is t(y)?
-4
Let u(p) = -4*p**3 - 3*p**2 - 4*p - 5. Let z = 27 + -30. Let l(i) = -7*i**3 - 6*i**2 - 7*i - 9. Let c(b) = z*l(b) + 5*u(b). Calculate c(-3).
-1
Let j be (2 + -9)*(-172)/42*3. Let p = j + -82. Let g(w) = -w**2 + 5*w. Determine g(p).
4
Let j(c) be the third derivative of -c**5/10 - c**3/6 - 13*c**2. Give j(2).
-25
Let j be 4/6 - (-296)/(-12). Let r = j - -34. Let k(b) = 10 + 3*b - r. What is k(-2)?
-6
Let i be 10 - (3 - 5 - -3). Suppose 6*t + 30 = i*t. Suppose -7*a + t = 52. Let x(v) = -v**2 - 5*v + 8. Give x(a).
2
Suppose 34 = 10*b - 16. Suppose 3*g - 4*f = 0, -3 - b = -5*g + 4*f. Let t(y) = y**2 - 3*y - 2. Calculate t(g).
2
Let n(t) = -2*t**2 + 11*t - 1. Suppose 0 = 4*x + 3*a + 36 - 10, 2*a = -4. Let m(w) = 3*w**2 - 22*w + 1. Let i(s) = x*n(s) - 3*m(s). Give i(-11).
2
Let q(b) = -b**3 - 5*b**2 + 2*b + 5. Suppose 5*j - 9*j - 26 = -2*n, 4*j + 3*n + 1 = 0. Determine q(j).
-19
Suppose -5 - 3 = -2*s. Let f(k) = -k**3 + 3*k**2 + 2*k + 2. Let o be f(s). Let w(b) be the second derivative of -b**3/3 - 2*b**2 - 10*b. Calculate w(o).
8
Suppose -5*l = -5*m - 1 + 16, -3*l + 5*m = 19. Let b(p) = -p**3 + 3*p**2 - 1. Calculate b(l).
3
Let u be 172/(-16) + (-24)/96. Let q(l) = -l**2 - 12*l. Give q(u).
11
Let q(x) = -4*x**3 + 21*x**2 - 22*x + 9. Let l(w) = -3*w**3 - w**2 - w - 1. Let p(y) = l(y) - q(y). Determine p(21).
-10
Let s be (-146)/(-12) + 2/(-12). Suppose -4*l - s = 4. Let z(q) = -q**3 - 4*q**2 - q - 2. Calculate z(l).
2
Let w(q) = q**3 - 4*q**2 - 6*q + 3. Let j(t) = -t**2 - 7*t - 5. Let i be ((-6)/(-6))/(2/8). Suppose -i*g - 8 = -0*g. Let k be j(g). Calculate w(k).
-2
Let b(l) = l + 1. Let p = -11 + 11. Let u = p - -1. Let g(x) = -2*x - 2. Let f(h) = u*g(h) + 3*b(h). Determine f(3).
4
Let w(g) = 39*g - 11. Let v(o) = -44*o + 12. Let j(n) = 8*v(n) + 9*w(n). Suppose y - 5 = 3*z, -3*z + 2 = -3*y + y. Calculate j(y).
4
Let m(v) be the second derivative of v**5/60 + 3*v**4/8 + 5*v**3/6 - 3*v**2/2 + 2*v. Let i(s) be the first derivative of m(s). What is i(-7)?
-9
Let g(t) = t**3 - 3*t**2 - 2*t. Let z be -26*1 - (-20 + 20). Let f(h) = -h**2 - 24*h + 56. Let l be f(z). Determine g(l).
8
Let b(k) be the first derivative of 6 - 1/4*k**4 + 3*k**2 - 5/3*k**3 - k. Suppose 10 = 4*y + 34. Give b(y).
-1
Let x(d) = -d**2 + 19*d - 31. Let l be x(17). Let p(f) = 4*f - 4. Give p(l).
8
Let k(t) = -10*t + 2 - t**2 - 4*t + 6*t - 10 + 0*t. Determine k(-8).
-8
Let x(d) = 11 - 6*d + 11 - 23. Let k(c) = -c**2 + 4*c - 1. Let b be k(3). Let v be -3 + -1 + 1 + b. Determine x(v).
5
Let c(m) = 18*m + 8. Let x(b) = 11*b + 4. Let p(j) = 3*c(j) - 5*x(j). Determine p(5).
-1
Suppose -7761*o = -7715*o - 322. Let w(v) = -3*v**3 - 16*v**2 + 21*v - 1. Let m(c) = c**3 + 8*c**2 - 10*c + 1. Let j(p) = 5*m(p) + 2*w(p). Give j(o).
-4
Let o(u) be the first derivative of u**2 + 50*u + 777. Give o(-21).
8
Let j(u) = -u**2 + 10*u + 10*u**2 - 3*u**2 + 1 + 14 - 5*u**2. Determine j(-8).
-1
Suppose 0*q + 20 = -5*q. Let z(p) be the second derivative of p**3 + 3/2*p**2 + 0 + 8*p - 1/20*p**5 - 1/4*p**4. Give z(q).
-5
Let w(g) = -g**2 + g - 2. Let o(y) = -5*y**2 + 19*y - 25. Let u(j) = o(j) - 6*w(j). Determine u(-12).
-25
Let m be (-2 - 0)/2 + 11. Let d(r) = 0*r - r - m + 2. Let a be d(-10). Let c(s) = s**3 - 2*s**2 - 2*s. Calculate c(a).
-4
Suppose 3*u - 2*u = 12. Let j be (1 + 3)/u*3. Let n(a) = 3 + 4 - j + 2*a. Give n(-6).
-6
Let t(p) = -2*p**2 - 78*p + 84. Let g be t(-40). Let v(j) = 10*j - 6. Calculate v(g).
34
Let f(k) = -10*k + 11 + k - 24*k**3 + 9*k**2 + 25*k**3. Determine f(-10).
1
Let x = -25 + 33. Let u(r) = -8*r - 1 - 29*r**2 + x + 30*r**2. Determine u(7).
0
Let v(i) = -8*i + i - 59 + 56. Give v(1).
-10
Let h(u) be the first derivative of -3*u + 22 - 1/2*u**2. Calculate h(-7).
4
Let y(q) = q**3 + 3*q**2 - 4*q - 4. Let v(g) = g**3 - 5*g**2 - 9*g + 15. Let w(p) = p**3 - 3*p**2 - 3*p + 2. Let d be w(4). Let h be v(d). Determine y(h).
8
Suppose 0 = 91*x + 89*x - 192*x - 36. Let m(v) be the first derivative of v**3/3 - v**2/2 - v + 1. Determine m(x).
11
Suppose 20*c - 24*c - 16 = 0. Let m(a) = a**3 + 4*a**2 - 6*a - 3. Determine m(c).
21
Let b(v) = -19*v. Suppose -4*g = -5*l + 8 + 1, -2*g + 4*l - 6 = 0. Calculate b(g).
19
Let g(h) = -22*h**2 + 50*h**2 - 29*h**2 - 3. Let l(s) = 3*s**2 - 2*s + 1. Let b be l(1). Suppose -b*t = 2*t. Determine g(t).
-3
Let a be (2 - 19/((-38)/(-12))) + 8. Let v(s) = -s + 9. Calculate v(a).
5
Suppose -10*o + 24 = -6*o. Let p be 1/o - (-178)/12. Suppose 0 = 2*a - 6, -d + 0*d - 3*a = -p. Let g(c) = c - 7. Give g(d).
-1
Let a(o) = -o**2 - 10*o. Let s = -1526 - -1515. Calculate a(s).
-11
Let d(h) = -4*h - 15 + h + 3. Suppose -3*t - 3*o = -9 + 36, -t + 3 = -2*o. Let y be d(t). Let k(n) = -n + 1. Calculate k(y).
-2
Let c(b) = -2*b**3 + b**2 - 2*b + 1. Let f(g) = 38*g**2 + 4*g - 13. Let u be f(2). Let a = -145 + u. Determine c(a).
-15
Let p(k) = 22*k + 588. Let l be p(-27). Let b(n) = n**2 + 4*n + 6. Give b(l).
18
Let w(k) be the first derivative of 1/3*k**3 - k**2 - 2*k - 7. What is w(3)?
1
Let n be 8/(-12) + 22/6. Let s(l) = 0*l**2 - l**n + 4*l**2 - 3 - 3*l + 2*l**3. Let h = -29 + 27. Give s(h).
11
Let m(t) be the third derivative of t**9/20160 - t**8/20160 + t**6/720 - t**5/15 - 3*t**2. Let b(f) be the third derivative of m(f). Give b(1).
3
Let j(i) be the second derivative of -23*i**5/20 - i**3/6 + 157*i. What is j(-1)?
24
Let c(a) = a**2 - a + 7. Suppose 3*d - 149 = 70. Let n = d + -73. Determine c(n).
7
Let z(o) be the third derivative of o**5/120 - o**4/8 + 7*o**3/6 - o**2. Let b(y) be the first derivative of z(y). What is b(3)?
0
Let q(j) = j**2 + 12*j - 13. Let z be ((-3)/6)/(1*(-3)/(-66)). What is q(z)?
-24
Let r = 49 - 51. Let b(q) = -5*q**2 + 12*q + 17. Suppose -12 = 2*k - 2*m, 3*m - 9 = -0*m. Let s(t) = 2*t**2 - 4*t - 6. Let o(h) = k*b(h) - 8*s(h). Give o(r).
1
Let i(b) = -b**2 + 2*b + 4. Let f(k) be the second derivative of k**5/20 + 7*k**4/12 + 7*k**3/3 + 2*k**2 + 4*k. Let q be f(-4). Give i(q).
-20
Let q(w) be the second derivative of w**7/2520 - w**6/90 - 11*w**5/120 + 2*w**4/3 - 7*w. Let b(z) be the third derivative of q(z). What is b(9)?
-2
Let a be -1 - ((-50)/(-1))/(-1 - 1). Let i(r) = 2*r - 45. Calculate i(a).
3
Let w(y) = 3*y - 5. Let z be 78/(-8) + -1 - 2/8. Let n be 2/(-10) - z/((-165)/(-108)). Give w(n).
16
Suppose 0 = 3*d + 2*r - 49 - 13, -4*d + 80 = 2*r. Let q = 26 - d. Suppose 5*x + 2*n + 8 = 0, 2*x + 0*n = -2*n - q. Let f(c) = c + 3. Calculate f(x).
3
Let w(d) = d + d**2 - 2 + 0*d**2 - 2. Let a be (-140)/(-490) + 60/(-14). Give w(a).
8
Suppose -4*v + 14 = -3*m, 0*m - 10 = 5*m. Suppose -v*t = -6*t + 8. Suppose t*c - 8 = -2. Let q(o) = -o + 2. Determine q(c).
-1
Let t(q) = -7*q**2 - 6*q - 4. Let l(w) = -2*w**2 - 1. Let r(s) = 3*l(s) - t(s). Suppose -5*h = 29 + 1. Give r(h).
1
Let v(w) be the first derivative of 3*w**2 - 6*w**2 + w + 6*w**2 - 4*w**2 - 31. Suppose 0*x = -2*x - 2. Give v(x).
3
Let u(v) = -v + 11. Let k be u(6). Let l(p) = 8 + p**2 + 3*p - 2*p**2 + 1 - 10 + 7. Give l(k).
-4
Let y(p) = -4*p + 1. Let l be y(2). Let n(x